s divided by 8?
7
Let h = 2 - 2. Suppose h*j - 26 = -2*j. Calculate the remainder when 25 is divided by j.
12
Let m(u) = -15*u - 40. What is the remainder when 99 is divided by m(-4)?
19
What is the remainder when ((-94)/(-6)*-3)/((-1)/3) is divided by 13?
11
Let q(u) = 20*u + 2. Calculate the remainder when q(3) is divided by 32.
30
Suppose -5*l - 16 = 2*h + 97, -4*l - 4*h = 100. Let f = 40 + l. Suppose 3 = -g + 5*j, 4*g - 32 + 12 = 4*j. What is the remainder when f is divided by g?
5
Let i = -8 + 8. Suppose 4*l + 195 = 2*s + s, -2*l = i. What is the remainder when s is divided by 17?
14
Suppose 0 = l + z - 8, 5*l - 3*z = -z + 61. Calculate the remainder when 43 is divided by l.
10
Let s(i) = -i - 3. Let x be s(-10). Let b = 16 - x. Suppose q - 12 = -3*q - 4*k, -5*k + b = 2*q. What is the remainder when 3 is divided by q?
1
Suppose -2*a + h + 22 = 0, 0 = 4*h - 0 + 8. Suppose -o = 2 - 5. What is the remainder when (16/10)/(4/a) is divided by o?
1
Suppose -2*a + 9 = -f - 0, -13 = -2*a - 3*f. Suppose 0 = -a*t + t + 8. Suppose 5*s - 12 = 2*s. What is the remainder when s is divided by t?
0
Let v be (-1032)/(-15) - 1/(-5). Suppose 5*q = v - 19. Calculate the remainder when 18 is divided by q.
8
Let i(k) = k**2 - 5*k - 7. Let l be i(8). Let r = 36 - l. What is the remainder when ((-12)/(-10))/(1/30) is divided by r?
17
Suppose 0 = 4*v + 20, 3*b - 5*v - 20 = 47. Calculate the remainder when 26 is divided by b.
12
Suppose 7*k + 110 = 18*k. Let l(f) = 2*f - 5. What is the remainder when k is divided by l(4)?
1
Let c be 19/2 + (-2)/4. Let v(g) = 3*g**2 - g + 11. Let d be v(c). Suppose 8*q = 3*q + d. What is the remainder when q is divided by 17?
15
Suppose -3*r - 5*z = -33 - 26, -r - z = -19. Let b(v) = -2*v. Calculate the remainder when r is divided by b(-5).
8
Calculate the remainder when -2 - (-3 - (42 - 0/(-1))) is divided by 23.
20
Suppose 33 = z + 5*c, 5*c + 58 - 13 = 5*z. Calculate the remainder when 49 is divided by z.
10
Let t(r) = -r**2 - 7*r + 2. What is the remainder when 165 is divided by t(-2)?
9
Let b = -54 - -71. Calculate the remainder when b is divided by 4.
1
Let v(y) = y**2 - 4. Calculate the remainder when 34 is divided by v(-4).
10
Suppose -4*c = -7*c + 63. Let l(f) = 12*f**2 + f + 1. What is the remainder when c is divided by l(-1)?
9
Suppose 2*m = -3*m. Suppose -s - 5*o + 3 = -36, m = -2*s - 2*o + 38. What is the remainder when s is divided by 5?
4
Suppose 19 + 31 = 5*q. Calculate the remainder when 65 is divided by q.
5
Let y(t) = t**3 - 9*t**2 - t + 12. Let m be y(9). Suppose -5*w = -3*a + 94, m*a - 59 = -3*w + w. What is the remainder when a is divided by 8?
7
Suppose -3*n - 6 = -0*n. What is the remainder when 3 is divided by 2/n*(-3 - 0)?
0
What is the remainder when 30 is divided by 5/(-5)*(1 - 9)?
6
Let v(c) = -8*c**2 - 4*c - 2. Let d(g) = -24*g**2 - 12*g - 5. Let q(k) = -3*d(k) + 8*v(k). Calculate the remainder when q(-3) is divided by 15.
14
Let u = -81 + 97. Calculate the remainder when 47/1*2/2 is divided by u.
15
Let p(y) = y**2 + 2*y - 3. Let z be p(3). Suppose z = 5*m + 2. What is the remainder when 5 is divided by m?
1
Suppose y = -0*y + 81. Calculate the remainder when y is divided by 21.
18
Suppose -3*i - 25 = -5*k + 2*i, i - 4 = -2*k. Let y be 3*2/9*k. Suppose 0*a - 3*a + y*o = -39, o - 52 = -5*a. Calculate the remainder when a is divided by 6.
5
Suppose 14 = j + 6. Suppose -55 = 5*m - 5*y + 10, 0 = 4*m - y + 43. Calculate the remainder when j is divided by m/((-4)/(-2) - 4).
3
Suppose 2*r + 5*k - 106 = 0, 5*r = -k - k + 286. Calculate the remainder when r is divided by 15.
13
Suppose 4*l + 25 = 5*l. Suppose -5*q - 584 = -q. What is the remainder when (-1 + 0)/(2/q) is divided by l?
23
Let h = 199 - 100. What is the remainder when h is divided by 25?
24
Let h(n) = -n**3 + 4*n**2 + 2*n - 6. Let g be h(4). What is the remainder when (-90)/(-12)*g*2 is divided by 16?
14
Let d(r) = 3*r**2 + r + 1. Calculate the remainder when 43 is divided by d(-2).
10
Let a(x) = 6*x**3 + 1 - 3*x + x**3 + 4 - 3*x**3. Calculate the remainder when 60 is divided by a(2).
29
Let b(q) = -q**3 - q**2 + 4*q - 1. Let x be b(-3). Suppose -3*c = -x*j - 25, -1 - 2 = -c - j. Calculate the remainder when 8 is divided by c.
3
Let d = 12 + -2. Suppose 3*k - 16 = 4*y, k + 2*y - 14 = -3*k. What is the remainder when d is divided by k?
2
Let p be ((-26)/(-6))/(6/(-18)). Let g = 20 + p. Calculate the remainder when 13 is divided by g.
6
Suppose 2*j - 60 = 4. What is the remainder when 56 is divided by j?
24
Let x = -4 - -8. Calculate the remainder when x/14 + 351/21 is divided by (-2 - -2 - 1)*-9.
8
Suppose 0 = -4*v + v. Suppose -c - 59 = -v*c. Let o = c + 102. What is the remainder when o is divided by 22?
21
Suppose 5*v + 104 = 3*b - 43, 5*b - 255 = 5*v. Calculate the remainder when b is divided by 32 - 9 - 2*2.
16
Let u = -7 - -9. Let s(q) = -6*q**3 - q**2 - 2*q - 1. What is the remainder when s(-1) is divided by u?
0
Let a(w) = 21*w. Let y = 9 + 26. Suppose 3*o + 2*r = y, -4*r + r - 8 = -o. Calculate the remainder when a(1) is divided by o.
10
Let o(v) = 9*v**2 + v. Calculate the remainder when o(-2) is divided by 12.
10
Let u be (-4)/(-22) - 4/22. Suppose u = x - n - 83, 3 = n - 1. What is the remainder when (-6)/(-4) - x/(-6) is divided by 6?
4
Suppose 2*b + 0*b - 4*q - 22 = 0, -5*b - 5*q + 70 = 0. Calculate the remainder when 49 is divided by b.
10
What is the remainder when 151 is divided by 322/14 - (-4)/(-1)?
18
Suppose -3*o = m - 16, 27 = 3*m + 3*o - o. Suppose 2*x = -6, 3 = 3*a + 2*x - 0*x. Calculate the remainder when m is divided by a.
1
Let c = -1 - -3. Let n be 6/4 - c/(-4). Suppose -n*l = -3*i - 78, 5*l - 2*i - 216 = -5*i. What is the remainder when l is divided by 11?
9
Suppose -15 = -5*b + 40. Let c be (-4)/6 + b/3. Suppose 2*w = 5*q - 278, q + 92 = c*q + 4*w. What is the remainder when q is divided by 19?
16
Suppose -3*l + 8 + 4 = 0. What is the remainder when l is divided by 3/(3/2) + 1?
1
Calculate the remainder when (-136)/((-24)/4 + 4) is divided by 18.
14
Let x = 9 - -1. What is the remainder when 59 is divided by x?
9
Let s(h) = -34*h - 1. Let c be s(-1). Suppose -2*j + o = -0*o - c, -j - 2*o + 24 = 0. Calculate the remainder when j is divided by 7.
4
Suppose m = -5*j - m + 115, -2*j = -m - 55. Suppose 10*r = 13*r + 42. Let t = r + j. What is the remainder when t is divided by 4?
3
Let x(r) = 5 + 4*r + r**2 - r**2 - r**2 + 2*r**2. What is the remainder when x(-5) is divided by 6?
4
Let s = -242 + 372. What is the remainder when s is divided by 34?
28
Suppose v = -3*v + 16. Suppose v*t - 32 = 44. What is the remainder when t is divided by 7?
5
Suppose 23 = 3*b - 46. What is the remainder when b is divided by 8?
7
Let k(j) = j**2 + 2. Let t be k(2). Let g be (-16)/t*(-15)/10. Suppose 0 = -4*i - g*x + 80, -25 - 16 = -2*i - 3*x. What is the remainder when i is divided by 7?
5
Calculate the remainder when 14 is divided by ((-28)/21)/((-2)/6).
2
Let v(n) be the third derivative of -7*n**4/24 - n**3/6 - 2*n**2. Let d = -3 + 7. Calculate the remainder when v(-1) is divided by d.
2
Suppose -4*l + 22 = -6. What is the remainder when 24 is divided by l?
3
Let k = -5 - -216. Suppose -5*x = 4*p - 145, -k = -5*x - 5*p - 61. Let v(u) = u**2 + 3*u - 1. Calculate the remainder when x is divided by v(2).
7
Suppose -9*k = 107 - 512. Suppose -4*r - 2 = -50. What is the remainder when k is divided by r?
9
Suppose 0*j = 3*j - 39. Suppose 0 = 4*c - 20, 0*r = -2*r + 5*c - 81. Let d = r + 66. Calculate the remainder when d is divided by j.
12
Suppose 6*w - 96 = 3*w. What is the remainder when 125 is divided by w?
29
Suppose 1 - 3 = -2*i, -3*i - 5 = -d. What is the remainder when 29 is divided by d?
5
Suppose 2*j + 66 = 2*s, 0 = -j + 2 - 3. Let k be (-3)/((-1)/(8/6)). Suppose 0 = -k*w + s. What is the remainder when 15 is divided by w?
7
Let w(a) = a**2 + a - 10. Let j(t) = -4*t**2 - 2*t + 29. Let l(y) = -2*j(y) - 7*w(y). What is the remainder when 21 is divided by l(0)?
9
Let y(z) = -z**2 + 5*z - 1. Let u be y(4). Suppose -u*o + 0*o = -24. What is the remainder when o is divided by 3?
2
Suppose 3*n - 31 = -2*h + 3*h, -5*h = 2*n - 49. What is the remainder when 42 is divided by n?
6
Let d(r) = -26*r - 4. Let j be d(-3). Suppose 113 = 5*u - 2*h, 